{"id":1788,"date":"2024-01-16T18:41:23","date_gmt":"2024-01-16T18:41:23","guid":{"rendered":"https:\/\/webprojection.de\/?page_id=1788"},"modified":"2025-05-22T21:30:41","modified_gmt":"2025-05-22T21:30:41","slug":"about-me2","status":"publish","type":"page","link":"http:\/\/webprojection.de\/?page_id=1788","title":{"rendered":"About Me"},"content":{"rendered":"\n<div style=\"height:28px\" aria-hidden=\"true\" class=\"wp-block-spacer\"><\/div>\n\n\n\n<div class=\"wp-block-media-text alignwide is-stacked-on-mobile\" style=\"grid-template-columns:25% auto\"><figure class=\"wp-block-media-text__media\"><img decoding=\"async\" loading=\"lazy\" width=\"428\" height=\"496\" src=\"https:\/\/webprojection.de\/wp-content\/uploads\/2024\/01\/IMG-20240115-WA0006-4.jpg\" alt=\"\" class=\"wp-image-1804 size-full\" srcset=\"http:\/\/webprojection.de\/wp-content\/uploads\/2024\/01\/IMG-20240115-WA0006-4.jpg 428w, http:\/\/webprojection.de\/wp-content\/uploads\/2024\/01\/IMG-20240115-WA0006-4-259x300.jpg 259w\" sizes=\"(max-width: 428px) 100vw, 428px\" \/><\/figure><div class=\"wp-block-media-text__content\">\n<p><strong>Herzlich willkommen<\/strong> auf meiner Internetseite <em>Webprojection<\/em>. Hinter diesem Namen verbirgt sich meine k\u00fcnstlerische T\u00e4tigkeit, die ich hiermit im \u201eWorld Wide Web\u201c pr\u00e4sentiere und dorthin \u201eprojiziere\u201c. Mein Herz schl\u00e4gt f\u00fcr das Abenteuer Radierung und f\u00fcr die Leichtigkeit und Farbenfreude der Aquarellmalerei. Diese Seite ist meinen Radierungen gewidmet.<\/p>\n\n\n\n<p>Ich lebe bei Stuttgart und arbeitete w\u00e4hrend meines Studiums und auch die Jahre danach intensiv im Arbeitskreis Druckgrafik an der Universit\u00e4t Stuttgart. \u00dcber viele Jahre hinweg erstellte ich unz\u00e4hlige Radierungen mit den Techniken Kaltnadel, Vernis Mou und Aquatinta.<\/p>\n<\/div><\/div>\n\n\n\n<p>Sp\u00e4ter studierte ich in den USA an der University of Alabama Kunst mit den Schwerpunkten \u00d6lmalerei und Keramik. 2020 kehrte ich zur Radierung zur\u00fcck und schaffte mir eine erste eigene Druckpresse an. 2023 kam eine zweite, gro\u00dfe Profi-Druckpresse dazu.<\/p>\n\n\n\n<p>Bei der Radierung fesselt mich noch immer der Moment der Enth\u00fcllung des ersten Druckes nach dem Pressvorgang. Gerne kombiniere ich heute die Techniken Radierung und Aquarell, indem ich meine Radierungen partiell oder komplett aquarelliere.<\/p>\n\n\n\n<p>Hier stelle ich einen Gro\u00dfteil meiner \u00fcber Jahrzehnte entstandenen Arbeiten vor und hoffe, ein bisschen meiner Begeisterung teilen zu k\u00f6nnen.<\/p>\n\n\n\n<p>Vielen Dank f\u00fcrs Reinschauen,<\/p>\n\n\n\n<p>Susanne<\/p>\n\n\n\n<div class=\"wp-block-media-text alignwide is-stacked-on-mobile\" style=\"grid-template-columns:29% auto\"><figure class=\"wp-block-media-text__media\"><img decoding=\"async\" loading=\"lazy\" width=\"1024\" height=\"852\" src=\"https:\/\/webprojection.de\/wp-content\/uploads\/2024\/01\/IMG-20240106-WA0010-1024x852.jpg\" alt=\"\" class=\"wp-image-1968 size-full\" srcset=\"http:\/\/webprojection.de\/wp-content\/uploads\/2024\/01\/IMG-20240106-WA0010-1024x852.jpg 1024w, http:\/\/webprojection.de\/wp-content\/uploads\/2024\/01\/IMG-20240106-WA0010-300x250.jpg 300w, http:\/\/webprojection.de\/wp-content\/uploads\/2024\/01\/IMG-20240106-WA0010-768x639.jpg 768w, http:\/\/webprojection.de\/wp-content\/uploads\/2024\/01\/IMG-20240106-WA0010-1536x1278.jpg 1536w, http:\/\/webprojection.de\/wp-content\/uploads\/2024\/01\/IMG-20240106-WA0010.jpg 1672w\" sizes=\"(max-width: 1024px) 100vw, 1024px\" \/><\/figure><div class=\"wp-block-media-text__content\">\n<p>Welcome to my website <em>Webprojection<\/em>. This name stands for my art, which I project to the \u201eWorld Wide Web\u201c. My heart beats for the adventure of etching and for the lightness and joy of watercolor painting.<\/p>\n\n\n\n<p>This page is dedicated to my etchings. I live near Stuttgart and worked intensively in the printmaking group at the University of Stuttgart during my studies and in the years after. Over many years I created countless etchings using the drypoint, vernis mou and aquatint techniques.<\/p>\n<\/div><\/div>\n\n\n\n<p>Later, I studied art at the University of Alabama, USA, with a focus on oil painting and ceramics. In 2020 I returned to etching and bought my first printing press. In 2023, a second, large professional printing press was added.<\/p>\n\n\n\n<p>When it comes to etching, I am still faszinated by the moment when the first print is revealed after the pressing process. Today I like to combine the techniques of etching and watercolor by partially or completely watercoloring my etchings. On this website, I present a large part of the work I have created over many years and hope to share my fascination about this technique.<\/p>\n\n\n\n<p>Thanks for stopping by,<\/p>\n\n\n\n<p>Susanne<\/p>\n\n\n\n<p><strong>K\u00fcnstlerischer Werdegang\/Education in Arts<\/strong><\/p>\n\n\n\n<ul>\n<li><strong>Universit\u00e4t Stuttgart Arbeitskreis Druckgrafik<\/strong><\/li>\n\n\n\n<li><strong>University of Alabama, USA<\/strong>, <strong>Department of Fine Arts<\/strong>, Kunststudium<\/li>\n\n\n\n<li><strong>Freie Kunstschulen Gerlingen<\/strong>, <strong>Offenburg<\/strong>, <strong>Fabrik am See, Bodensee<\/strong> <\/li>\n<\/ul>\n\n\n\n<p><strong>Ausstellungen\/Exhibitions<\/strong><\/p>\n\n\n\n<ul>\n<li>Regierungspr\u00e4sidium Stuttgart 2010<\/li>\n\n\n\n<li>Stuttgarter Rathaus \u2013 2010<\/li>\n\n\n\n<li>Christmas 2021 \u2013 [KUN:ST QUARTIER], Leonberg \u2013 Dezember 2021<\/li>\n\n\n\n<li>DIE NEUEN \u2013 [KUN:ST QUARTIER], Leonberg \u2013 Januar 2022<\/li>\n\n\n\n<li>ZEHN PLUS EINS\u201c Werkschau 2022 \u2013 Freie Kunstakademie Gerlingen \u2013 August 2022<\/li>\n\n\n\n<li>GERMAN AMERICAN ART SHOW, Zehntscheuer Stuttgart-Zuffenhausen \u2013 Oktober 2022<\/li>\n\n\n\n<li>RED DOT MIAMI, Miami, Florida, USA \u2013 Dezember 2022<\/li>\n\n\n\n<li>Burg Stettenfels, Mitgliederausstellung [KUN:ST QUARTIER], Stettenfels, M\u00e4rz 2023<\/li>\n<\/ul>\n\n\n\n<p><\/p>\n\n\n\n<figure class=\"is-layout-flex wp-block-gallery-1 wp-block-gallery has-nested-images columns-default is-cropped\">\n<figure class=\"wp-block-image size-large\"><img decoding=\"async\" loading=\"lazy\" width=\"1024\" height=\"452\" data-id=\"1977\"  src=\"https:\/\/webprojection.de\/wp-content\/uploads\/2024\/01\/Radierungen_DIENEUEN2-1024x452.jpg\" alt=\"\" class=\"wp-image-1977\" srcset=\"http:\/\/webprojection.de\/wp-content\/uploads\/2024\/01\/Radierungen_DIENEUEN2-1024x452.jpg 1024w, http:\/\/webprojection.de\/wp-content\/uploads\/2024\/01\/Radierungen_DIENEUEN2-300x133.jpg 300w, http:\/\/webprojection.de\/wp-content\/uploads\/2024\/01\/Radierungen_DIENEUEN2-768x339.jpg 768w, http:\/\/webprojection.de\/wp-content\/uploads\/2024\/01\/Radierungen_DIENEUEN2.jpg 1440w\" sizes=\"(max-width: 1024px) 100vw, 1024px\" \/><\/figure>\n<\/figure>\n","protected":false},"excerpt":{"rendered":"<p>Herzlich willkommen auf meiner Internetseite Webprojection. Hinter diesem Namen verbirgt sich meine k\u00fcnstlerische T\u00e4tigkeit, die ich hiermit im \u201eWorld Wide Web\u201c pr\u00e4sentiere und dorthin \u201eprojiziere\u201c. Mein Herz schl\u00e4gt f\u00fcr das&hellip;<\/p>\n","protected":false},"author":1,"featured_media":0,"parent":0,"menu_order":0,"comment_status":"closed","ping_status":"closed","template":"","meta":{"_mo_disable_npp":""},"_links":{"self":[{"href":"http:\/\/webprojection.de\/index.php?rest_route=\/wp\/v2\/pages\/1788"}],"collection":[{"href":"http:\/\/webprojection.de\/index.php?rest_route=\/wp\/v2\/pages"}],"about":[{"href":"http:\/\/webprojection.de\/index.php?rest_route=\/wp\/v2\/types\/page"}],"author":[{"embeddable":true,"href":"http:\/\/webprojection.de\/index.php?rest_route=\/wp\/v2\/users\/1"}],"replies":[{"embeddable":true,"href":"http:\/\/webprojection.de\/index.php?rest_route=%2Fwp%2Fv2%2Fcomments&post=1788"}],"version-history":[{"count":21,"href":"http:\/\/webprojection.de\/index.php?rest_route=\/wp\/v2\/pages\/1788\/revisions"}],"predecessor-version":[{"id":2049,"href":"http:\/\/webprojection.de\/index.php?rest_route=\/wp\/v2\/pages\/1788\/revisions\/2049"}],"wp:attachment":[{"href":"http:\/\/webprojection.de\/index.php?rest_route=%2Fwp%2Fv2%2Fmedia&parent=1788"}],"curies":[{"name":"wp","href":"https:\/\/api.w.org\/{rel}","templated":true}]}}

<div style="height:28px" aria-hidden="true" class="wp-block-spacer"></div>



<div class="wp-block-media-text alignwide is-stacked-on-mobile" style="grid-template-columns:25% auto"><figure class="wp-block-media-text__media"><img decoding="async" loading="lazy" width="428" height="496" src="https://webprojection.de/wp-content/uploads/2024/01/IMG-20240115-WA0006-4.jpg" alt="" class="wp-image-1804 size-full" srcset="http://webprojection.de/wp-content/uploads/2024/01/IMG-20240115-WA0006-4.jpg 428w, http://webprojection.de/wp-content/uploads/2024/01/IMG-20240115-WA0006-4-259x300.jpg 259w" sizes="(max-width: 428px) 100vw, 428px" /></figure><div class="wp-block-media-text__content">
<p><strong>Herzlich willkommen</strong> auf meiner Internetseite <em>Webprojection</em>. Hinter diesem Namen verbirgt sich meine künstlerische Tätigkeit, die ich hiermit im „World Wide Web“ präsentiere und dorthin „projiziere“. Mein Herz schlägt für das Abenteuer Radierung und für die Leichtigkeit und Farbenfreude der Aquarellmalerei. Diese Seite ist meinen Radierungen gewidmet.</p>



<p>Ich lebe bei Stuttgart und arbeitete während meines Studiums und auch die Jahre danach intensiv im Arbeitskreis Druckgrafik an der Universität Stuttgart. Über viele Jahre hinweg erstellte ich unzählige Radierungen mit den Techniken Kaltnadel, Vernis Mou und Aquatinta.</p>
</div></div>



<p>Später studierte ich in den USA an der University of Alabama Kunst mit den Schwerpunkten Ölmalerei und Keramik. 2020 kehrte ich zur Radierung zurück und schaffte mir eine erste eigene Druckpresse an. 2023 kam eine zweite, große Profi-Druckpresse dazu.</p>



<p>Bei der Radierung fesselt mich noch immer der Moment der Enthüllung des ersten Druckes nach dem Pressvorgang. Gerne kombiniere ich heute die Techniken Radierung und Aquarell, indem ich meine Radierungen partiell oder komplett aquarelliere.</p>



<p>Hier stelle ich einen Großteil meiner über Jahrzehnte entstandenen Arbeiten vor und hoffe, ein bisschen meiner Begeisterung teilen zu können.</p>



<p>Vielen Dank fürs Reinschauen,</p>



<p>Susanne</p>



<div class="wp-block-media-text alignwide is-stacked-on-mobile" style="grid-template-columns:29% auto"><figure class="wp-block-media-text__media"><img decoding="async" loading="lazy" width="1024" height="852" src="https://webprojection.de/wp-content/uploads/2024/01/IMG-20240106-WA0010-1024x852.jpg" alt="" class="wp-image-1968 size-full" srcset="http://webprojection.de/wp-content/uploads/2024/01/IMG-20240106-WA0010-1024x852.jpg 1024w, http://webprojection.de/wp-content/uploads/2024/01/IMG-20240106-WA0010-300x250.jpg 300w, http://webprojection.de/wp-content/uploads/2024/01/IMG-20240106-WA0010-768x639.jpg 768w, http://webprojection.de/wp-content/uploads/2024/01/IMG-20240106-WA0010-1536x1278.jpg 1536w, http://webprojection.de/wp-content/uploads/2024/01/IMG-20240106-WA0010.jpg 1672w" sizes="(max-width: 1024px) 100vw, 1024px" /></figure><div class="wp-block-media-text__content">
<p>Welcome to my website <em>Webprojection</em>. This name stands for my art, which I project to the „World Wide Web“. My heart beats for the adventure of etching and for the lightness and joy of watercolor painting.</p>



<p>This page is dedicated to my etchings. I live near Stuttgart and worked intensively in the printmaking group at the University of Stuttgart during my studies and in the years after. Over many years I created countless etchings using the drypoint, vernis mou and aquatint techniques.</p>
</div></div>



<p>Later, I studied art at the University of Alabama, USA, with a focus on oil painting and ceramics. In 2020 I returned to etching and bought my first printing press. In 2023, a second, large professional printing press was added.</p>



<p>When it comes to etching, I am still faszinated by the moment when the first print is revealed after the pressing process. Today I like to combine the techniques of etching and watercolor by partially or completely watercoloring my etchings. On this website, I present a large part of the work I have created over many years and hope to share my fascination about this technique.</p>



<p>Thanks for stopping by,</p>



<p>Susanne</p>



<p><strong>Künstlerischer Werdegang/Education in Arts</strong></p>



<ul>
<li><strong>Universität Stuttgart Arbeitskreis Druckgrafik</strong></li>



<li><strong>University of Alabama, USA</strong>, <strong>Department of Fine Arts</strong>, Kunststudium</li>



<li><strong>Freie Kunstschulen Gerlingen</strong>, <strong>Offenburg</strong>, <strong>Fabrik am See, Bodensee</strong> </li>
</ul>



<p><strong>Ausstellungen/Exhibitions</strong></p>



<ul>
<li>Regierungspräsidium Stuttgart 2010</li>



<li>Stuttgarter Rathaus – 2010</li>



<li>Christmas 2021 – [KUN:ST QUARTIER], Leonberg – Dezember 2021</li>



<li>DIE NEUEN – [KUN:ST QUARTIER], Leonberg – Januar 2022</li>



<li>ZEHN PLUS EINS“ Werkschau 2022 – Freie Kunstakademie Gerlingen – August 2022</li>



<li>GERMAN AMERICAN ART SHOW, Zehntscheuer Stuttgart-Zuffenhausen – Oktober 2022</li>



<li>RED DOT MIAMI, Miami, Florida, USA – Dezember 2022</li>



<li>Burg Stettenfels, Mitgliederausstellung [KUN:ST QUARTIER], Stettenfels, März 2023</li>
</ul>



<p></p>



<figure class="is-layout-flex wp-block-gallery-1 wp-block-gallery has-nested-images columns-default is-cropped">
<figure class="wp-block-image size-large"><img decoding="async" loading="lazy" width="1024" height="452" data-id="1977"  src="https://webprojection.de/wp-content/uploads/2024/01/Radierungen_DIENEUEN2-1024x452.jpg" alt="" class="wp-image-1977" srcset="http://webprojection.de/wp-content/uploads/2024/01/Radierungen_DIENEUEN2-1024x452.jpg 1024w, http://webprojection.de/wp-content/uploads/2024/01/Radierungen_DIENEUEN2-300x133.jpg 300w, http://webprojection.de/wp-content/uploads/2024/01/Radierungen_DIENEUEN2-768x339.jpg 768w, http://webprojection.de/wp-content/uploads/2024/01/Radierungen_DIENEUEN2.jpg 1440w" sizes="(max-width: 1024px) 100vw, 1024px" /></figure>
</figure>

<p>Herzlich willkommen auf meiner Internetseite Webprojection. Hinter diesem Namen verbirgt sich meine künstlerische Tätigkeit, die ich hiermit im „World Wide Web“ präsentiere und dorthin „projiziere“. Mein Herz schlägt für das&hellip;</p>
